Let l be n/(-15) + (-6)/15. What is the tens digit of k(l)?
6
Suppose 0 = 3*s + l + 343, -2*l = 4*s - 0*l + 456. Let r = -64 - s. What is the units digit of r?
1
Suppose -g = 5*m - 1064, g + 1056 = -2*m + 7*m. Let b = m - 368. What is the tens digit of (-8)/((-8)/b*-3)?
5
Let x = 33 - 15. Let d = x - 12. Suppose d = -2*c, -4*l + c + 3*c + 620 = 0. What is the tens digit of l?
5
What is the tens digit of (-156376)/(-64) + (-4)/((-96)/(-9))?
4
Suppose 18*x + x - 1672 = 0. Suppose -13664 = 74*p - x*p. What is the units digit of p?
6
Suppose 4*g + 2*n = 46, 3*g = 3*n + 3 + 9. Let u(k) = k**3 - 189*k**2 + 189*k - 2. Let m be u(1). Let b = g + m. What is the units digit of b?
8
Suppose -223 = -t + 3*z + 14, -5*z + 1085 = 5*t. Suppose 3*j = -5*d + t + 685, -3*d = -j + 307. What is the tens digit of j?
0
What is the hundreds digit of 13 + (-488204)/(-14) - 4/(-14)?
8
What is the units digit of ((-3)/(-8))/(3/1) - 21431/(-8)?
9
Let a = -13 - -16. Suppose 3*x + j = 71, -70 + a = -3*x - 2*j. Suppose 2*m - x = 91. What is the units digit of m?
8
Suppose -5*t + 6921 = 2376. What is the tens digit of (-2)/((6/t)/((-4)/6))?
0
Suppose -3*i = -1899*d + 1897*d - 26127, 0 = -i + 5*d + 8696. What is the tens digit of i?
1
Suppose 0 = 2*d + 125 - 2025. What is the hundreds digit of (-2 - (-5 - -2))*(d + 71)?
0
Let b be (1 - 2*-1)*(49 - 50). What is the units digit of (3 + (3 - 3))/(b/(-879))?
9
Let u(r) = 48*r**3 - 3*r**2 + 66*r - 26. What is the tens digit of u(8)?
8
Let q = -49092 + 84241. What is the units digit of q?
9
Let c(z) = 362*z**3 - 11*z**2 + 156*z - 516. What is the hundreds digit of c(4)?
1
Suppose 12*l - 56906 = 68206. What is the tens digit of l?
2
Let b(t) = -t**3 - 11*t**2 + 12*t + 10. Let y be b(-12). Suppose 316 = -y*l + 12*l. Suppose -4*z - 62 = -l. What is the units digit of z?
4
Let a(g) = 381*g**2 - 158*g - 985. What is the thousands digit of a(-7)?
8
Let g = -7490 + 12536. What is the units digit of g?
6
Let g = -8 + 25. Let f = 309 + 296. Suppose 313 = g*a - f. What is the units digit of a?
4
Let d(y) = -y**3 + 2*y**2 - 19*y - 6. Let j be d(-8). Suppose -16*s + j = 226. What is the units digit of s?
5
Suppose 10*f - 26052 = -2*w + 11*f, -3*f = -4*w + 52110. What is the thousands digit of w?
3
Let w = 2630 + -1736. Suppose 258 = -3*f + w. Suppose 7*y - f = 243. What is the units digit of y?
5
Let k(v) = 48*v**3 - 58*v**2 - 10*v + 19. What is the hundreds digit of k(7)?
5
Suppose 2*u = 4*i + 5916, -4*i = -5*u + 20907 - 6093. Suppose -u = -7*g - 5. What is the tens digit of g?
2
Let g(b) = b - 11. Let d be g(5). Let j be -2 - (d/(-3) + -6). What is the tens digit of (j + 7)/((-24)/(-304))?
1
What is the units digit of 1*(1 - 5 - 1) + (-7821505)/(-235)?
8
Let k(n) = -n**2 + 2*n. Let w be k(16). Let r = -108 - w. Let q = r - 29. What is the units digit of q?
7
Let o = 34370 - 21926. What is the hundreds digit of o?
4
Suppose 15*y - 15 = 10*y. Let u(w) = 325*w - 3. Let j be u(y). Suppose -7*g + j = -253. What is the tens digit of g?
7
Let y be (-1)/(2/63)*248/93. Let i = y - -101. What is the units digit of i?
7
Let v(b) = 816*b**3 - b**2 + 2*b - 5. What is the units digit of v(2)?
3
Let o(g) = -5*g + 2. Let u be o(-4). Let z be (-3)/27*3 - u/(-3). Suppose 3*x = z*x - 520. What is the units digit of x?
0
Suppose b - 6*b + 260 = 3*t, 3*b + 308 = 4*t. What is the tens digit of 0 - (3/((-12)/t) - -2)?
1
Let s = 16219 - 9299. Suppose -22*b = -30*b + s. What is the hundreds digit of b?
8
Let b be (0 - (2 - -6))*-1. Suppose b*a + 15 - 47 = 0. Suppose -a*s - 548 = -x - 3*x, -x = -3*s - 147. What is the hundreds digit of x?
1
Suppose 61 = -2*l + 65. Suppose l = -4*x + 3*q - 5*q, 2*x + 4 = -2*q. What is the units digit of 5*(7 + 3) - x?
9
Let d = -11 + 13. Let a(i) = -i**2 + 4*i - 2. Let l be a(d). What is the units digit of (-3245)/(-35) + -1 + l/7?
2
Let t(s) = 9*s + s**2 + 22 - 26*s + 6*s. What is the units digit of t(11)?
2
Suppose -18*v = -31*v + 18*v. Suppose 2*l - 829 = -3*f - v*f, 1110 = 4*f - 2*l. What is the units digit of f?
7
What is the thousands digit of (41115/2)/(180/72)?
8
What is the tens digit of ((-915)/10)/(9/(-12)) + 8?
3
Suppose 97 = i + 4*a - 13, -4*i - a = -425. Let f be (-81)/(-6)*(-32)/(-48). Let u = i + f. What is the hundreds digit of u?
1
Suppose 27 = -5*d + 2, 0 = 4*f - 5*d + 1915. Let m = f + 683. What is the tens digit of m?
9
Let q be 1 - (6/27 + (-76)/18). Suppose -3*o + 16 = -m + 2*m, 0 = -3*m - q*o + 32. What is the tens digit of ((-4)/6)/((-3 - m)/399)?
3
Suppose 9*j + 353 = 398. Suppose 19*u + 1347 = g + 17*u, -j*u = 0. What is the hundreds digit of g?
3
What is the units digit of (2385/(-6) - (-12)/2)*280/(-6)?
0
Let a(z) = z**3 + 19*z**2 + 34*z + 3. Let f be a(-17). Suppose f*q = 8 + 28. Suppose -760 = -q*m + 7*m. What is the tens digit of m?
5
Let s be (8/12*-1)/(4/(-66)). Let c(m) = -m**3 + 7*m**2 - 4*m - 6. Let j be c(5). Let h = j + s. What is the tens digit of h?
3
Let b be 6963/5 - (-93)/(-155). What is the units digit of (2 + (-2)/4)/(36/b)?
8
What is the thousands digit of 400/(-60)*(1 + (-34228)/16)?
4
Let h = -2810 + 3105. What is the tens digit of h?
9
Suppose 206*j - 79*j = 1288796. What is the hundreds digit of j?
1
Let a(i) = 396*i - 1 + 118*i + 7 - 15*i. Let w be a(1). Suppose 2*g - w = -3*g. What is the tens digit of g?
0
Let z = -3199 + 3711. What is the tens digit of z?
1
Let m(q) be the third derivative of -39*q**6/40 + q**5/60 + q**4/24 + q**3/6 - 19*q**2. Let c be m(-1). Let x = c + -8. What is the tens digit of x?
1
Let u(l) = 1522*l + 1454. What is the thousands digit of u(22)?
4
Let y be (-12660)/4*(-8)/12. Suppose -202*u - y = -207*u. What is the hundreds digit of u?
4
Let p = 3399 - -7292. What is the units digit of p?
1
Let g(u) = -3*u - 20. Let z be g(-8). Suppose -2*v + z*v + 56 = -3*j, 4*v = 4*j - 132. Let m = v - -120. What is the tens digit of m?
8
Suppose -7*a + 9*a = 70. Let j be 7986/21 + (-10)/a. Suppose 3*k + k = j. What is the units digit of k?
5
Suppose 4*z + 8 = 0, 0 = -2*y - 2*z - 7 - 3. What is the units digit of (-429)/(-2) - (-1 + y/(-6))?
5
What is the units digit of (-2)/12 - (1262/(-12) + 10)?
5
Suppose -33*v = 36*v - 61*v - 100688. What is the units digit of v?
6
Let f(o) = 662*o**2 - 35*o + 67. What is the thousands digit of f(7)?
2
Suppose -x = -4, 2*n - x - 86 = -2*x. Let m = -15 - n. Let b = 67 + m. What is the tens digit of b?
1
Suppose -14*w + 10 = -24*w. What is the hundreds digit of -79*(-2)/w*(-1)/1?
1
Let z = 182 - 230. What is the units digit of (z/18 + -6)*-3?
6
Suppose -w + 3*w = 2*s - 10, -4*w = -2*s + 10. Suppose -15 - s = 5*m. What is the tens digit of (354/(-12))/(2/m)?
5
Let v(m) = 25*m**2 - 23*m - 2. Suppose -7 = -2*x - 21. Let r be v(x). Suppose -9*s - 133 = -r. What is the tens digit of s?
3
Let y(x) = x**3 + 11*x**2 + 3*x + 39. Let m be y(-11). Suppose -m*q + 19*q = 1235. What is the tens digit of q?
9
What is the hundreds digit of ((-12)/(-10))/((-4715874)/294745 + 16)?
6
Let a = -330 + 118. Let n = -54 - a. Suppose -n + 36 = -2*o. What is the tens digit of o?
6
Let g(q) = 5 + 0*q**2 + 3 + 9*q + 11 - q**2. What is the tens digit of g(9)?
1
Suppose 0 = 1280*a - 1288*a + 204600. What is the hundreds digit of a?
5
Let r be 4 + 2 + -9 + 10/2. Let f(q) = 55*q**2 + 16*q - 1. What is the tens digit of f(r)?
5
Suppose 0 = 2*t + 3*g - 25, -44*t = -39*t + g - 30. Suppose -t*q + 2854 = -1496. What is the units digit of q?
0
Suppose -25*l - 44 = -19. What is the units digit of (26/(-4))/(l/58)?
7
Let o(n) = -1416*n - 694. What is the thousands digit of o(-4)?
4
Let r(x) = 3*x - 4*x + 2 + 0*x + 14 + x**2. Let y(o) = 22*o - 231. Let z be y(11). What is the hundreds digit of r(z)?
1
Let m(f) = -13318*f - 195. What is the tens digit of m(-3)?
5
Let t(i) = -27*i**2 - 22*i - 14. Let o(p) = 4*p + 1. Let x(m) = -15*o(m) - 3*t(m). What is the hundreds digit of x(-3)?
7
Let i be (-60)/(-27) + (-2)/9. Let l(g) be the second derivative of g**4 + g**3/3 - g**2 - 36*g. What is the units digit of l(i)?
0
Let d = -15152 + 15166. What is the tens digit of d?
1
Let w be (22/55)/(2/(-10)). What is the tens digit of w/(-9) + 45070/90?
0
Let n be (16/5 - 0)/((-110)/(-275)). Suppose -5*p + 241 = 2*r, n = -p + 4*r + 65. What is the tens digit of p?
4
Let l = -14848 - -3637